t w(z) = -12*z**2 + 6*z + 1. Let k be w(7). What is the units digit of k/(-20) + (-1)/4?
7
Let s = -25 + 3. Let k = -5 - s. What is the units digit of k?
7
Suppose r - 17 = 4*j, -4*r + j = 4*j + 8. Let u = -5 - r. Let n = 17 + u. What is the units digit of n?
1
Suppose 37 = 5*x - 23. Let i = x + -6. Suppose m - 3*m = -i. What is the units digit of m?
3
Suppose 36 = g - 3*h, 4*h + 28 = 2*g - 44. What is the units digit of g?
6
Suppose 0 = 14*t - 1949 - 1075. What is the hundreds digit of t?
2
Suppose 0 = 12*l - 8*l - 16. What is the units digit of l?
4
Let s = 816 + -550. What is the hundreds digit of s?
2
Let h(j) = 10*j**2 + 3*j - 7. What is the tens digit of h(5)?
5
Let t be 10/4*16/20. Suppose t*i + k = 165, 6*i - 3*i + 2*k = 250. Suppose -4*z + 48 = -q + 4*q, 0 = -5*q - 2*z + i. What is the units digit of q?
6
Let p be (9/(-6))/((-6)/(-8)). Let a be 4/(-7)*7/p. What is the units digit of 0/2 - a - -8?
6
Let l = -1 + 3. Let d(q) = -q - l*q + 7*q. What is the units digit of d(1)?
4
Let g = 86 + -61. What is the tens digit of g?
2
Let p(c) = -c**3 + c + 1. Let g(l) = -2*l**3 - 11*l**2 + 12*l - 8. Let v(z) = -g(z) + 3*p(z). Suppose 0 = -4*b + b + 30. What is the tens digit of v(b)?
2
Let z be (-11280)/160*1*4/(-6). Let l be 1/(-1) + (-2 - -16). Suppose 0 = -3*h + l + z. What is the tens digit of h?
2
Let l = -366 + 590. What is the tens digit of l?
2
Let l(d) be the third derivative of d**5/30 + d**4/12 + d**3/3 - 3*d**2. What is the units digit of l(-2)?
6
Suppose 3*u + u - 680 = 0. What is the hundreds digit of u?
1
What is the tens digit of 296/(-9)*-2 + 46/207?
6
Suppose 0 = 5*y + 4*s - 8, 2*y + 2 = 7*y + s. Suppose -2*u - 3*v - 27 = -5*u, y = -4*u + 2*v + 30. Suppose w = u*w - 5. What is the units digit of w?
1
What is the tens digit of 12/((-68)/24 + 3)?
7
Suppose -4*i + 3 + 5 = 0. Suppose 2*y = -4, -1 = u + y + i*y. Suppose 1 = -k + 3*b + 4, 55 = u*k + 5*b. What is the units digit of k?
9
Let y = -9 - -44. What is the units digit of -3*(4 - y/3)?
3
Let f = 3 + 1. Suppose 0*n + f*n - 20 = 4*r, -2*r = 3*n - 15. Let p = -4 + n. What is the units digit of p?
1
Let y = 193 + -115. What is the tens digit of y?
7
What is the tens digit of ((-2)/(-3)*-111)/(12/(-30))?
8
Let i(w) = w**3 - 10*w**2 + 2*w - 14. What is the units digit of i(10)?
6
Suppose -4*t + l = 6, -3*t = 5*l - 0 - 7. Let a(y) = -44*y + 1. What is the units digit of a(t)?
5
Suppose 32 = z - q - 73, -4*z = -5*q - 422. What is the tens digit of z?
0
Let s be (3/(-9))/(1/3). Let b be 1*-33*(0 + s). Suppose 6*y - 3*y - b = 0. What is the units digit of y?
1
Suppose 0*k + 4*k = 192. What is the tens digit of k?
4
What is the tens digit of 256 + (20/5)/4?
5
Let m(c) = -c**2 + 6*c + 2. Let x be m(5). Suppose -2*s = 2*w - 1 - x, 5*w = -2*s + 20. Suppose 4*h + 0*h - 32 = s. What is the units digit of h?
8
Let o = -3 + 7. Let s = -1 + o. Let l = s + 1. What is the units digit of l?
4
Let d(p) = 25*p**2 + p - 5. What is the units digit of d(2)?
7
Let t = -8 + 11. Let q be ((-2)/(-3))/(2/6). Suppose 2*i + 12 = k, 0 = -q*k - t*i + 6*i + 23. What is the units digit of k?
0
Let f = 45 + -31. Let n = 203 - 201. Suppose -n*y = -24 - f. What is the units digit of y?
9
What is the units digit of (-1688)/(-88) - (-2)/(-11)?
9
Let v(y) = y**2 + 3*y + 4. Suppose 4 = -3*s + 2*s. What is the units digit of v(s)?
8
Let k(y) be the first derivative of 2*y**3/3 + y**2/2 + 7*y + 3. Let g be k(-5). Suppose 0 = 5*r - r - g. What is the tens digit of r?
1
Suppose -5*w - 4*k + 180 = 0, 3*k + 13 - 28 = 0. What is the tens digit of w?
3
What is the tens digit of 215/20 - 3/4?
1
Let b = 127 - 70. Suppose 65 = 4*w + 5*h, w + 3*w - b = 3*h. What is the tens digit of w?
1
Suppose -5*l = 2*x - 143 + 27, 3*x - 5*l = 224. What is the tens digit of x?
6
Let y = 3 - -3. Suppose 2*a + y = 4*a. Suppose -a*l + 60 = l. What is the units digit of l?
5
Suppose 1870 = -23*n + 33*n. What is the hundreds digit of n?
1
Let w(h) = -4*h**2 - h + 1. Let t be w(1). What is the units digit of (-42)/t + (-2)/(-4)?
1
Let f(h) = -h**2 + 13*h + 1. Let d be f(7). Suppose 3*p = d + 11. What is the tens digit of p?
1
Let q(a) = 9*a**2 + a - 2. Let b be q(2). Let r = b + -20. What is the units digit of r?
6
Suppose 25 = 5*q, 2*q + 10 = -0*o + 4*o. Suppose o*r + 2*a - 32 = -105, 5*a + 40 = -3*r. What is the units digit of (18/r)/((-1)/5)?
6
Suppose 4*w + 4*y + 0 = 28, 0 = 4*w + y - 19. Let c be -1 + (-2 - 0) + w. Suppose -s + c + 9 = 0. What is the units digit of s?
0
Suppose 234 - 60 = 2*c. Suppose -3*u = -2*a + 6*a + c, 5*a = u + 10. Let p = 38 + u. What is the tens digit of p?
1
Let a = 228 - 13. What is the hundreds digit of a?
2
Let x = 7 - 4. Let g(p) be the third derivative of -p**6/120 + p**5/20 + 2*p**3/3 + 11*p**2. What is the units digit of g(x)?
4
Let v(m) = -m**3 - m**2 + 3. Let r be v(0). Let h = 11 + r. What is the units digit of h?
4
Let x = 5 - 3. Suppose 0 = -4*h + 58 + x. What is the units digit of (-2)/(-3) + 65/h?
5
Let g = -4 - -4. Let a be 2 + (g - (3 - 1)). Suppose 0 = 5*i - 4*i - 3*o - 19, 4*o + 16 = a. What is the units digit of i?
7
Suppose -3*w - 17 = 13. What is the units digit of ((-9)/2)/(5/w)?
9
Let l = -1 - 0. Let x(u) = 4*u**3 + 5*u**2 - 2*u. Let d(w) = -w**3 - w**2 - w + 1. Let v(y) = l*x(y) - 3*d(y). What is the units digit of v(-4)?
9
Let y(h) = -h**3 - 4*h**2 + 6*h + 7. Let i be y(-5). What is the units digit of 1/i*(0 - -6)?
3
Suppose -2*w + v = -3*w - 1, -4*v = -5*w + 13. What is the units digit of w?
1
Suppose -3*z + 26 + 147 = -w, 5*w + 39 = z. What is the tens digit of z?
5
Suppose 0 = 4*x - 8*x. Suppose -2*n + 30 + 8 = x. What is the units digit of n?
9
Let d = 282 - 16. What is the tens digit of d?
6
Let x(y) = -28*y + 12. What is the hundreds digit of x(-4)?
1
Suppose 3*c - 15 = a - 5, 40 = 3*a + 5*c. What is the units digit of a?
5
Let u = 99 + -70. Let m = u - 19. What is the units digit of m?
0
Let s(c) = -9*c**3 + 2*c + 1. Let r be s(-1). What is the units digit of (r/2)/((-2)/(-3))?
6
Let c = 17 - 2. Suppose -2*f - 3*o + 13 + 14 = 0, c = 2*f - o. What is the units digit of f?
9
Suppose 6*a - 2*a = 20. Suppose 0 = b - a*b + 68. Let d = b - 10. What is the units digit of d?
7
Suppose 3*q - 232 = 4*q. Let z be q/(-28) - 4/14. Suppose -3*s + 3*i + 6 = -6, 0 = 2*s + 4*i - z. What is the units digit of s?
4
Let t be ((-16)/6)/(1/(-9)). Suppose -2*w + t = 2*w. What is the units digit of w?
6
Suppose -y + 3 = -0. What is the units digit of y?
3
Let i(o) = -210*o**3 - 2*o**2 + 1. What is the units digit of i(-1)?
9
Suppose m = 0, -3*x + 19 = m - 17. Suppose -2*u + x = -16. What is the tens digit of u?
1
Suppose 5*f + 5*y - 37 = -7, -3*f + 21 = 4*y. Let u(x) = x + 2. Let n be u(f). Suppose -n*p + 13 = 3. What is the units digit of p?
2
Suppose 4*p + 8 - 20 = 0, 0 = -4*v + 2*p + 458. What is the tens digit of v?
1
Suppose 10*c - 119 = 251. What is the units digit of c?
7
Let m(v) = -v**2 + 6*v - 1. Let p be m(5). Suppose -p = -2*x, -5*x - 44 = -4*u + 6. What is the tens digit of u?
1
Let d(q) = q**3 - 11*q**2 - 12*q + 3. Let k be d(12). Suppose -2*v + k*c + 85 = 0, -5*c = -v + 30 + 23. What is the units digit of v?
8
Let p = 2 - -9. Suppose -2*u = 3*u - 20, p = -5*y + 4*u. What is the units digit of y?
1
Suppose 7 = l - 6. What is the tens digit of ((-21)/4)/(l/(-104))?
4
Let v(s) = 4*s**2 + 4 - s**2 - 2*s - 4*s**2. Let h be v(-3). Suppose -h = 2*d - 5. What is the units digit of d?
2
Let s(j) = -j**2 - 18*j - 7. Let z be s(-7). Suppose z = 4*c + 2. Suppose -4 = -3*k + c. What is the units digit of k?
7
Let x = -314 - -545. What is the hundreds digit of x?
2
Suppose 2*v - 7*v + 1560 = 0. What is the units digit of v?
2
What is the tens digit of 214/14 + (-14)/49?
1
Let j = 193 - 133. What is the units digit of j?
0
Suppose 118 = 4*m - 5*y - 189, 0 = -3*m - 5*y + 204. What is the tens digit of m?
7
Suppose 2*v - 3*n + 1 = 3, 3*n - 18 = -3*v. Suppose 2*o - 3*i - 3 = o, -2*i = v*o - 12. What is the units digit of o?
3
Let h(x) = -x**3 - 14*x**2 - x - 13. Let p be h(-14). What is the units digit of ((-40)/2)/(p - 3)?
0
What is the hundreds digit of (-135)/(-270) + -1*(-349)/2?
1
Let s = 521 - 307. What is the units digit of s?
4
What is the hundreds digit of (201/2)/((-21)/(-42))?
2
Let h = 4 + 18. What 